e
Suppose -39*x + 40*x + h - 125251 = 0, 1502990 = 12*x + h. Is x prime?
False
Suppose 4*b - 2287610 = u, -2*b - 5*u + 196075 = -947741. Is b prime?
True
Let t = 6 + -4. Suppose m + 4*p = 19, -p + 5 = 3*m - t*p. Suppose 2*k = -b + 67, m*b - 179 = 2*k - 10. Is b prime?
True
Suppose -116*m = -94*m - 884158. Is m a composite number?
False
Let g = -1055 - -2650. Let a be g*(-2 - (2 + -9 - -4)). Suppose -37*v + a = -32*v. Is v a composite number?
True
Let y(m) = 11308*m + 10218. Is y(43) prime?
False
Let z(i) = i**3 - i + 1. Let o(q) = 30*q**3 + q**2 + 5*q - 10. Let g(b) = -o(b) - 3*z(b). Let r be g(4). Let t = r - -5292. Is t composite?
False
Suppose 6*i - 5043019 - 388323 = -8*i. Is i prime?
True
Let h = 7131 + 6218. Let c = h - 4192. Is c composite?
False
Let z = 184 - 187. Is 497 + (24/(-18))/(2/z) a composite number?
False
Let g = 4 - 1. Suppose -4*o - k = -12, k + 0 + 9 = g*o. Suppose 4*b - 1011 = -3*m, -m + 4*m = -o*b + 762. Is b composite?
True
Let t(n) = -2052*n + 4. Let x be t(-3). Suppose 5*s = -5*m + x, -3*m = 4*s - 397 - 4531. Let a = s + -591. Is a a composite number?
False
Suppose 35 = 4*b - 13. Suppose b = o - 0*o. Is ((-4)/o)/((-4)/1524) a composite number?
False
Let a be (7 + 283)*(-2)/2. Let r = a + 18889. Is r a composite number?
True
Let q = -4877 + 27190. Is q a prime number?
False
Let u(c) = 5*c**3 - 4*c**2 - 3*c + 2. Let v be u(-3). Let p = v - -1166. Is p a composite number?
True
Let h = -55 - -55. Suppose h = -4*q - 5*r + 26, 0 = -4*q - 2*r + 7*r + 6. Suppose 0 = q*v - 653 - 111. Is v a prime number?
True
Suppose -92*h - 24*h - 20431935 + 100466251 = 0. Is h a composite number?
False
Is (3680788/(-2)*32/(-64))/1 composite?
False
Suppose -4*g + 5*a - 53 = 0, -2*g + a = -a + 28. Let m(f) = 11*f**2 - 2*f - 31. Let l be m(g). Suppose 0 = 2*t + 3*j - l, 0 = -t + 4*j + 1868 - 299. Is t prime?
False
Suppose 4*l + 2209 = -827. Let f = -442 - l. Is f prime?
True
Let t be 25/(3*2/(-24)). Let v be 4*(-5)/t - (-3364)/5. Let c = -282 + v. Is c a prime number?
False
Let y(o) = o**3 - 24*o**2 + 4*o - 33. Let g be y(24). Let k = -58 + g. Suppose 6485 + 962 = 4*d + 3*r, -2*r = -k*d + 9303. Is d a composite number?
False
Suppose -40 - 17 = -19*v. Suppose -4333 = -v*b + 4*s, -s = -b - 4*b + 7216. Suppose 38*p - 35*p - b = 0. Is p composite?
True
Suppose 889*b - 888*b - 209629 = -j, -838492 = -4*b - j. Is b composite?
False
Is 160/(-3120) + 907883/39 prime?
True
Suppose 5*l - r + 1084 = 0, 5*l = -3*r - 552 - 536. Let w = 366 + l. Is w a composite number?
False
Suppose 0 = 13*w - 10*w + 2*r + 73, -4*w - 92 = 4*r. Let g(s) = -25*s + 8. Is g(w) a composite number?
False
Let f(w) = 15130*w + 1175. Is f(24) prime?
False
Suppose -2140 = -16*l - 2236. Let p(r) be the second derivative of -88*r**3/3 + 17*r**2/2 - r. Is p(l) a prime number?
False
Suppose -31*x - 53*x = 29*x - 67951081. Is x composite?
True
Let l(y) = -y**3 - 14*y**2 - 12*y + 14. Let r be l(-13). Let f = 3 - r. Suppose f*v - 1640 = 498. Is v a prime number?
True
Suppose -5*o + 32940 = 5*k, -o = -28 + 27. Let b be (-3 - 2)*(-4)/10. Suppose -5*r + b*p - 1988 = -k, -4*r = p - 3687. Is r composite?
True
Suppose 0*x + 2*x = 5*v + 38756, -2*v + 3*x - 15498 = 0. Let y = 11933 + v. Is y prime?
False
Let n(t) = t**3 - 10*t**2 + 15*t. Let k be n(8). Is 4708 + -12 + (-56)/k a prime number?
True
Let v = 428108 + -270901. Is v prime?
True
Let s(f) = 7*f - 34. Let r be s(10). Let v be r/21 + -2 + 264/42. Is 20656/40 - (v/(-10))/1 composite?
True
Is (48/60)/(8/100) - 4 - -163237 a prime number?
True
Let a = -13 - -12. Let d(z) = 314*z**2. Let l be d(a). Suppose -3*c = -l - 319. Is c prime?
True
Let x = 13 + 27. Suppose 52*v = x*v + 1572. Is v a prime number?
True
Is (159183310/(-572))/(10/(-8)) composite?
True
Is 7*(-1)/(-14) - 240219/(-14) a prime number?
True
Suppose 16 = -3*x - 2. Let u be (-1*(3 + x))/((-12)/(-8)). Suppose -u*c + 851 = 57. Is c a prime number?
True
Let z(q) = 76*q**2 - q + 16. Let v(a) = -5*a**3 - a**2 + 2*a - 1. Let y be v(1). Is z(y) composite?
True
Suppose 3130*m + 3*i - 412900 = 3129*m, -5*i - 2064440 = -5*m. Is m a prime number?
True
Suppose -2*q = 8, -8*q = 2*n - 5*q + 20. Is -5*(-5598)/5 - n/1 prime?
False
Suppose 0 = -331*m + 267*m + 1687706 + 2785062. Is m a prime number?
False
Let a = 211248 + -101969. Is a composite?
False
Suppose -2*y = 5*c - 25, c - 2*y = -0*c - 7. Suppose -g - c*g + 17228 = 0. Is g prime?
False
Let h(n) = 3*n**2 + 5*n + 3. Suppose 3 = 5*j - 0*j + 3*o, -o - 4 = 0. Let w be 8 + (0 - j) + 3. Is h(w) composite?
True
Suppose -4*u + 3*u + 4 = 0. Suppose -4*l + 3*p + 37 = -2*p, 2 = -l - p. Suppose -459 = 5*s - 3*g - 4906, -u*g = l*s - 2645. Is s a composite number?
False
Let y(s) = -14*s - 4. Let c be y(2). Let i be 31 + c + (1 - 1041). Is (i/9)/(6/(-18)) a prime number?
True
Let g(o) be the third derivative of 0*o - 5/3*o**3 + 41*o**2 + 529/24*o**4 + 0. Is g(3) composite?
True
Suppose -2*o + 5*d = 7*d, d = 4*o - 10. Suppose -2337 = -21*b + o*b. Is b a prime number?
False
Suppose -4*t = -23155 + 3583. Suppose 0 = 4*a + 5*f - t, -5*a + 3*f = 4*f - 6132. Let n = a + 16. Is n a prime number?
False
Suppose 0 = -3*r + 57 - 57. Suppose r = 5*h - 11264 - 8481. Is h prime?
False
Let r(g) = -26*g + 107. Let q be r(4). Suppose q*w = 4*y - 2452 + 8511, 2*y = -w + 2023. Is w prime?
False
Let a(l) = l**2 - l + 1. Let i(d) = -8*d + 10 - 7*d - 10*d**2 + d**3 - 2*d. Let c(s) = -a(s) - i(s). Is c(10) a prime number?
False
Let f = 13074 + -6965. Is f a composite number?
True
Suppose -3*l + 3*a + 251895 = 0, 90*a - 419853 = -5*l + 88*a. Is l prime?
True
Suppose 0 = 2*q - 4*p - 312630, 4*q + 3*p - 865247 = -240031. Is q prime?
True
Suppose 3*b - p - 932115 = 0, -3*p = -2*b + 3*b - 310685. Is b composite?
True
Let i(t) = 51*t + 102. Let q be i(-2). Suppose -12*n + 1421 + 6199 = q. Is n a composite number?
True
Suppose -5*x + 32 = 2*s, 33 = x + 4*x + 3*s. Suppose 2199 + 2223 = x*y. Is y a prime number?
False
Suppose -482*u + 478*u + 208980 = 2*d, 261203 = 5*u - 3*d. Is u a prime number?
False
Suppose -p = 5*t - 56443, 0 = 3*p - 2*t - 151573 - 17858. Is p composite?
False
Is -6*1 + -2 - 6604884/(-156) prime?
True
Let a be (-646492)/(-70) - 3/5. Let r(w) = -2*w**2 + 15*w + 3. Let b be r(7). Is a/b - (-3)/(-6) composite?
True
Suppose 4*b + 40 - 20 = 0, 2*v + 3*b = 1174979. Is v prime?
True
Suppose 2*q - 38*g - 1324296 = -37*g, -1324290 = -2*q + 4*g. Is q a composite number?
False
Let z = -22 - -24. Let t = 20 + -15. Suppose j = -t*l - 405 + 1327, -z*l - 4*j + 358 = 0. Is l composite?
True
Suppose 0 = 4*c - f - 2*f + 20, 2*f = 3*c + 14. Let h be (-2*1/(-4))/(22/(-63976)). Is c/(-6) - h/3 prime?
False
Suppose 0 = 2*r + 4, r - 16 = 3*p - 3*r. Is p/12*(-1020)/8 prime?
False
Is 1300917*(-6)/(-63) + (-13)/(-91) prime?
False
Let n be (-16)/24 - 14/6. Let o be 1 + (-1 - (n - -7)) + 4. Let b(d) = d**2 + 2*d + 821. Is b(o) a composite number?
False
Let t(n) = -2*n**2 - 6*n - 2. Let o be t(-4). Let x = 6045 + -4070. Is x/o*1*-2 - 4 prime?
False
Let w = -723 - -725. Suppose -3*h = w*h + 5*x - 25910, -3*h + 15511 = -4*x. Is h composite?
True
Suppose -17*z + 6 = -14*z. Suppose 0 = -z*h + 7*h - 20. Is (10/h)/5*3046 prime?
True
Let h(u) = -20*u**3 + 5*u**2 - 9*u + 3. Let n be h(3). Let z = 1006 + n. Is z composite?
False
Let q(d) = 710*d**2 + 127*d - 313. Is q(22) prime?
False
Suppose 0 = -0*y - 5*y + 5. Let x = -2128 - -2118. Let g = y - x. Is g prime?
True
Is (-13 - 1 - (-5 - 5)) + 943505 prime?
False
Let k = -33 - -37. Is (((-5)/3)/(-5))/(k/4524) composite?
True
Suppose 298 = -3*j + 25. Is (-11938)/(-7) + (-52)/j prime?
False
Let n be (6/(-5))/(-4 - (-18)/5). Let l be (-9)/((n + (-5)/2)*-1). Let g(x) = 91*x - 5. Is g(l) a composite number?
True
Suppose -3*n - 2*n = 20. Let z be 18/3 - 0/n. Suppose -17*j + 10219 = -z*j. Is j a prime number?
True
Let g(z) = 34*z**2 - 59*z - 24. Let s be g(-18). Suppose -2*f + s = 4*i - 0*f, -i + 2986 = -5*f. Is i a prime number?
True
Let m be 5/30*(2 - 8). Is (22*m)/((-86)/27563) composite?
True
Let z be (15246 - (-1 + 2)) + 3 + -2. Let l = z + -3517. Is l a prime number?
False
Let i(v) be the second derivative of -9*v**3/2 + 17*v**2/2 + 24*v + 4. Let l = -6 - 2. Is i(l) composite?
False
Let s(p) = 218*p - 33. Suppose -4*m + 2 = -f, -f + 13 = 5*m - 3. Suppo